t) = -8*t**2 - 9*t - 5. Let k(l) = -3*r(l) - 7*v(l). Give k(1).
-4
Let s(r) be the first derivative of r**4/4 + 3*r**3 + r**2/2 + 13*r + 6. Calculate s(-9).
4
Let h(q) be the third derivative of -q**6/360 + q**5/120 + q**4/12 + 6*q**2. Let m(v) be the second derivative of h(v). Calculate m(-2).
5
Let k(g) be the third derivative of -g**6/60 + g**5/12 - g**4/24 - g**3/2 + g**2. Give k(3).
-15
Let d(i) = -5*i**2 + 9 - 7 - 2*i + 5*i**2 + i**3 - 2*i**2. What is d(2)?
-2
Let x(v) be the second derivative of -v**5/20 + 5*v**4/12 - v**3/3 - 3*v**2/2 - 7*v. Give x(3).
9
Let m(i) = -7 - 11 - 2 + 17 + i. Give m(3).
0
Let k = 5 - 5. Suppose k = 3*s - 2*l - 18, -36 = -4*s + 3*l - 11. Suppose -4 = -4*h, v + 0*v = h - s. Let z(w) = -w**2 - 2*w + 2. Give z(v).
-1
Let v(a) = a**3 - 5*a**2 + a - 4. Let n = 7 - -3. Let q be (-2)/(1/(n/(-4))). Give v(q).
1
Let l(g) = 2 - 8 - 4*g + 3*g. Suppose -b + 4 = -y, -3*y + 0*y = 3*b - 18. Let a be 0/(-1*(2 - y)). What is l(a)?
-6
Suppose -z - z = -4*o - 4, 17 = -3*o - 2*z. Let y(w) = -4*w. Calculate y(o).
12
Suppose -m - 3 = 2*y - 0*m, 20 = -5*y - 5*m. Let r = -6 + 11. Let v(h) = -1 - 4 + r*h**3 + 2*h**2 + 4. What is v(y)?
6
Suppose j = -0*j + 6. Let t(l) = -l - 14 + 9 + j. Determine t(-1).
2
Let f be ((-8)/16)/((-2)/8). Suppose 0*h + 25 = f*h + 5*g, g = -2*h + 13. Suppose -h*x + 15 = 4*t, -4*x + 21 = 4*t + 5. Let v(p) = -p - 2. What is v(t)?
-7
Let b(w) be the third derivative of 0*w + 0 - 3*w**2 + 1/120*w**6 + 1/4*w**4 + 0*w**3 + 1/12*w**5. Determine b(-4).
-8
Let d(i) = -2*i + 5 - 2 + 5*i + 2. What is d(-4)?
-7
Let v(u) = -3*u**2 + 6*u + 10. Let y(a) = -4*a**2 + 7*a + 11. Let m(d) = 3*v(d) - 2*y(d). Give m(6).
-4
Let b(i) = -i + 3. Suppose 14 = 4*s + 6. Calculate b(s).
1
Let k(u) be the first derivative of u**3/3 - 2*u**2 + u + 1. Let j = 0 + 1. Let w be -1*((j - 3) + -3). Give k(w).
6
Let r be 56/(-10) + (-3)/(-5). Let z(x) = -x - 1. Calculate z(r).
4
Suppose -n + 3 = -0*n. Let h(m) be the second derivative of m**5/20 - m**4/6 - m**3/3 - 3*m. What is h(n)?
3
Let u(f) = -f**3 - f**2 + f - 1. Let w(r) = -3*r**3 - r**2 + 3*r. Let t(q) = 4*u(q) - w(q). Suppose -3 = 3*v - 3*p, -2*p = v + 13 - 6. Calculate t(v).
-7
Let a(w) = w**2 + 9*w + 11. Let o be a(-8). Let v(x) = x**2 - x - 2. Determine v(o).
4
Suppose 2*j + 2 = 3*j. Let y(s) = s**2 - s - 1. Let h(u) = -u**3 + 3*u**2 - u - 2. Let d(m) = -h(m) + 2*y(m). What is d(j)?
2
Suppose 5*n = -10 - 15. Suppose 11 = -3*g + 4*u, -g + 3*u = -0*u + 12. Let i(t) = 12 - 6 + g*t - 4 - 2*t. Give i(n).
-3
Let p(x) = 3*x + 0*x + 0*x**2 + 3*x**2. Let i = 25 + -27. Determine p(i).
6
Let c(i) = -i**3 + 6*i**2 + 6*i + 6. Let j be c(7). Let f(k) = -3*k. What is f(j)?
3
Let o(u) = 2 - 3 - 4 + 2 - u. Let j be o(-6). Let d(t) = t + 1. What is d(j)?
4
Let q(a) = 19 - 9 - 5*a - 10. What is q(4)?
-20
Suppose 0 = -7*p + 4*p + 12. Suppose 0 = 4*f - 4*s + 24 + 4, 0 = p*s - 12. Let i(g) = g + 8. Determine i(f).
4
Let k(v) = 4*v - 8. Let l be k(0). Let t(q) = q**3 + 8*q**2 + 5. What is t(l)?
5
Suppose -4*a + 3*r + 10 = 0, 0 = -2*a + 4*a - 2*r - 4. Let f(t) = -29*t - 33*t - 3 + 5*t**2 + 60*t - 4*t**2. What is f(a)?
5
Let i = -14 + 4. Let v(a) = -a - 8. Let k be v(i). Let o(n) = n**k + 0*n**2 - 3*n**2 - n. Determine o(2).
-10
Suppose 5*y = -0*y - 5*a - 30, 3*y + a = -12. Let u(f) = 3*f + 2. What is u(y)?
-7
Let u be ((2 + -2)/(-4))/(-1). Let f(p) = p - 8. Determine f(u).
-8
Suppose 2*f = -19 + 3. Let d be 3/12 - (-26)/f. Let b(o) = o**3 + o**2 - 3*o + 3. Give b(d).
-6
Let u(i) = -i**2 - 2*i - 1. Let d(b) = -2*b**2 + 2*b - 1. Let z(j) = -d(j) + 3*u(j). What is z(-3)?
13
Let p(l) = l**2 - l - 3. Let u(k) = -k**3 - 3*k**2 - 4. Let x be u(-3). Let a(r) = r**3 + 13*r**2 - 12*r + 20. Let y be a(-14). Let s = x - y. What is p(s)?
9
Let r(d) = -d**3 - d - 1. Let g(k) = 4*k**3 + 4. Let c(p) = -g(p) - 3*r(p). Calculate c(2).
-3
Let o(t) = -2*t**2 - 5*t - 4. Let f(j) = -j - 22. Let n be f(-19). Give o(n).
-7
Let r(u) = -u - 3. Let b(n) = n**3 - 2*n**2 + n + 1. Let i be b(2). Suppose i*l + 3*g = 9, -l + 3*g + g - 12 = 0. What is r(l)?
-3
Let u be 2024/(-396) + (-2)/(-18). Let x(z) = -z**3 - 6*z**2 - 7*z - 3. What is x(u)?
7
Let v(l) = -l**2 + 4*l - 2. Suppose 3 = -0*f - f, 0 = -2*m - 4*f - 6. What is v(m)?
1
Let b(y) = -y**3 + 12*y**2 + 12*y + 13. Let u be b(13). Let n(i) = i + 2. Determine n(u).
2
Suppose 3*z - 5 = 2*z. Let t(y) = -y**2 + 6*y + 3. Determine t(z).
8
Suppose 4*a - 12 = 8. Let t(r) = 11*r + 3. Let q(o) be the second derivative of -o**3 - o**2 - o. Let u(v) = a*q(v) + 3*t(v). Calculate u(-2).
-7
Let h be 5 + (0 - (0 - -2)). Let b(g) be the third derivative of 0*g + 0 + 1/12*g**4 + 3*g**2 - 1/3*g**3. Give b(h).
4
Let b(w) be the second derivative of w**3/2 - w**2/2 + 9*w. Give b(-1).
-4
Let b be 10/(-25) + ((-86)/10 - -2). Let v(m) = m**3 - m. Let q(r) = -6*r**3 - 7*r**2 + 6*r + 1. Let w(x) = q(x) + 5*v(x). What is w(b)?
-6
Let h(q) = q**2 + 5*q + 1. Let b be h(-2). Let u(f) be the third derivative of -f**6/120 - f**5/12 + f**4/12 + f**3/2 + 2*f**2. Determine u(b).
-7
Let l = -17 + 22. Let p(z) = z**2 - 4*z + 7. What is p(l)?
12
Let f(r) be the first derivative of -r**4/4 - r**3 + r**2 + 1. Calculate f(-2).
-8
Let t(c) = c**3 + 4*c**2 - 4*c. Let l(a) = -6*a**3 + 2*a**2 - 1. Let y = 9 + -8. Let z be l(y). Determine t(z).
-5
Let u(p) be the first derivative of p**5/60 + 5*p**3/3 - 4. Let d(v) be the third derivative of u(v). Let g be ((-2)/(-3))/((-2)/3). Give d(g).
-2
Let s(k) = -2 + 3*k + 0*k - 2*k**2 + 0*k**2. Let f = -26 + 28. Give s(f).
-4
Let a(f) = -f**3 + 6*f**2 - 5*f + 2. Let b(x) = 2*x**2 - 12*x + 1. Let o(m) = m**2 - 6*m + 1. Let g(u) = -6*b(u) + 11*o(u). Let w be g(6). Give a(w).
2
Let h(z) be the second derivative of z**5/20 - z**4/6 - 2*z**3/3 - 5*z**2/2 + 62*z. Calculate h(4).
11
Let x be (-4)/(-14) + 48/(-21). Let d(j) = -5*j**3 - 3*j**2 - 2*j. Let h(n) = -6*n**3 - 3*n**2 - 3*n. Let u(i) = -5*d(i) + 4*h(i). Give u(x).
8
Let z be -3*(-3)/(-18)*4. Let l(o) = o + 4. Let k(j) = -1. Let d(i) = z*k(i) - l(i). What is d(0)?
-2
Suppose 14*y - 4 = 12*y. Let a be (4/5)/(3/15). Let q(f) = -3*f**2 + f**2 + a*f**2 - 2*f. What is q(y)?
4
Suppose 8 = -4*z + n, -5*n - 1 = 2*z + 3. Let g = z - -4. Let t(q) = -5 + 4 + g*q - q. Give t(2).
1
Let m(o) = 20*o - 1. Suppose 11*u - 13*u = 2. Determine m(u).
-21
Let u(p) be the first derivative of p**6/120 + p**5/12 - p**4/4 - p**3 - 5*p**2/2 - 6. Let o(g) be the second derivative of u(g). Calculate o(-6).
-6
Let i(u) = -u + 11*u + 3 + 2*u - u**2. Let g be i(12). Let y(x) = -1 - 1 + g + 0 + x. Calculate y(5).
6
Suppose -15 = 6*h - h. Let a(s) = -10*s**3 - s - 3. Let r(z) = -9*z**3 - z - 2. Let x(k) = h*r(k) + 2*a(k). Determine x(1).
8
Let u(p) = 2*p**2 + 2*p + 2. Let h(w) = -w**2 + w + 1. Let o(d) = h(d) - u(d). What is o(-2)?
-11
Let o(b) be the first derivative of b**7/840 + b**6/90 - b**5/120 - b**4/12 - 4*b**3/3 - 1. Let k(z) be the third derivative of o(z). Calculate k(-2).
8
Let m(n) = -36 + 14 - n - n**3 + 11. Calculate m(0).
-11
Let t(u) = u**3 + 5*u**2 + 4*u + 6. Let y(s) = -s**3 - 6*s**2 - 3*s - 6. Let p(v) = 3*t(v) + 4*y(v). Give p(-9).
-6
Let a = 0 - 2. Let c = 1 - a. Let u(r) be the third derivative of -r**5/60 + r**4/12 + 2*r**3/3 + 4*r**2 - 3. What is u(c)?
1
Let p be 2 + 4*4/16. Let f(u) = -3*u - 4 - u + p*u. Calculate f(-3).
-1
Let s(v) be the second derivative of 1/12*v**4 + 0*v**2 - 1/2*v**3 - 4*v + 0. Calculate s(4).
4
Let i(t) = -2*t - 1. Suppose -2*x = -2*j - x - 1, 5*j + x - 15 = 0. Suppose 0 = j*c - r + 20, -5*r + 20 = -5*c - 40. Let a be 0 + 3/(6/c). Determine i(a).
7
Let i be 8/(-20) + (-78)/5. Let n be 4*2*(-2)/i. Let z(k) = 4 - 5*k**2 + 2*k + k**3 - n + 2. Determine z(4).
-3
Let s(u) = 2*u - 4. Suppose -21 = -3*c - 6. Suppose 0 = -4*a + 4*j + 54 + 2, -c*a = -j - 70. Suppose 4*o = a + 2. Give s(o).
4
Let y(h) = h + 6. Let z(t) = -t**2 + t - 2. Let c be z(2). Determine y(c).
2
Let l(z) be the second derivative of -z**4/12 + 2*z**3/3 - z**2/2 + 20*z. Calculate l(6).
-13
Let q = 11 + -14. Let i(w) be the second derivative of w**5/20 + w**4/6 - w**3/6 + 3*w**2/2 - w. Give i(q).
-3
Let x(k) = -3*k + 4. Let f be x(3). Let o(s) = 4*s - 5*s**2 + 4*s - 3*s - s**3 - 4*s - 4. Give o(f).
-9
Let u(q) be the first derivative of -q**2 - 7*q - 27. Giv